be d(2). Let z be 3/3 + 2 + a. Suppose -2737 = -z*n + 867. Is n prime?
False
Is 4/(-12) + 10176300/81 composite?
True
Let w(c) = -1020 + 1706*c + 1020. Let p be w(-1). Let o = p + 2901. Is o composite?
True
Suppose -71 = 34*u - 6735. Suppose -17481 + u = -5*b. Is b composite?
False
Let y(w) be the first derivative of 305*w**2/2 - 97*w + 221. Is y(6) prime?
True
Suppose -2*o = -2*i + 23866, 4*o - 11913 = -6*i + 5*i. Is i prime?
False
Suppose 8*m = 5*m + 3225. Suppose -5*c = -3*b + 1381, -4*c - m = -5*b + 1244. Is b a composite number?
False
Suppose 2*h + 4 + 2 = 0. Let m be (-1 + 4)*(-725)/h. Suppose 810 = 5*o - m. Is o a composite number?
False
Suppose 3*p = -4 + 25. Suppose 0 = -0*r + r + p*r. Is (-13556 - r)*(-1)/4 composite?
False
Let s(i) = i**2 + 15*i - 4. Let d be s(-15). Let h(m) = 4*m + 19. Let p be h(d). Is 3*(875/p + 4) a prime number?
True
Suppose -33080 = -2*b + 2*a, -2*b = -5*a + 15221 - 48316. Is b a composite number?
True
Let w be (-5 - -8 - 4)*4. Let f be 10/w*28/35. Is -9*((-5526)/27)/(f - -4) composite?
True
Suppose 15*r - 78277 = 1171778 - 144150. Is r a composite number?
False
Suppose o - 153 - 405 = 0. Suppose -279 = u + 2*m, -6*m = -2*u - m - o. Let c = u + 718. Is c a prime number?
True
Suppose 350*s - 355*s = -9300. Let o = 5417 - s. Is o composite?
False
Suppose 226 = -3*g - 1286. Let b = -64 - g. Suppose -253 = -9*s + b. Is s composite?
True
Is (633953 + -59)*5/30 composite?
False
Suppose -4153*f + 4173*f - 115580 = 0. Is f a prime number?
True
Let t(n) = -2*n**2 - 20*n + 18. Let s be t(-10). Suppose -s*h + 14284 = -11582. Is h a prime number?
False
Let r = 304718 - 140817. Is r a prime number?
True
Suppose 4 = v, -5*q + 127886 = 5*v + 24331. Is q composite?
False
Suppose 16*r = 15*r - f + 267, 2*r + f - 529 = 0. Let g = r + 27. Is g prime?
False
Let r(u) be the third derivative of u**4/8 + 11*u**3/3 - 7*u**2. Let i be r(-5). Suppose 7330 = 4*d + 2*s - i*s, 5*d + 5*s - 9185 = 0. Is d composite?
True
Let d(w) = -281 + 2*w**2 + 266 + 23*w + w**2. Is d(13) a prime number?
False
Suppose -5*u + 50921 + 40584 = 0. Is u a composite number?
False
Let a = 521000 - -36393. Is a composite?
True
Suppose 0 = 3*v - 4*y - 40, 0 = -v + y + 5 + 7. Suppose -4*j + 20 = -2*m, 4*j = 2*j - 3*m + 18. Suppose 4*g + j*d - 4360 = 3*d, -2*d = -v. Is g a prime number?
True
Let i be 32995/15 - 28/(-21). Suppose -i + 15295 = 2*c. Is c a composite number?
False
Suppose -3*w + 2*g = -2*w, 0 = -4*g + 4. Let q(y) = w - 8 + 197*y + 3. Is q(4) composite?
True
Let p(t) = -632*t**2 + 7*t + 8. Let o(w) be the first derivative of -632*w**3/3 + 3*w**2 + 7*w + 9. Let k(l) = -5*o(l) + 4*p(l). Is k(-1) composite?
False
Suppose r - 15 = -2*r. Suppose 4846 = -r*h + 1006. Let q = -301 - h. Is q prime?
True
Suppose -3*h - 5*o - 14 = 0, -3*o - 11 + 1 = 2*h. Let l(y) be the first derivative of -y**4/4 - 8*y**3/3 - 4*y**2 - 9*y - 34. Is l(h) a prime number?
False
Let z be 32/(-10)*15400/(-112). Is (-9370)/(-8) - (-11)/z*-10 prime?
True
Let l(o) = 11*o**2 - 12*o - 68. Let d be l(-28). Let h = d - -41957. Is h a composite number?
False
Let l = -2 + 2. Suppose 2*v + l*v = -4*k - 1772, 2*v - 5*k = -1754. Let w = v - -1253. Is w prime?
False
Let k(t) = -5*t + 92. Let x be k(10). Let a(b) = -b**3 + 42*b**2 + 12*b - 25. Is a(x) a composite number?
False
Let s = 51 - 45. Suppose 5*m = 5*j - 70, -2*m + 3*j = s*j + 8. Is (-6)/m + 6328/20 a prime number?
True
Suppose 2*y + 0 = 6. Suppose 4*r - 5*p - 19862 = 0, 2*r - 2*p - 2583 - 7349 = 0. Suppose -i = -3*w + 2689 + 2283, -y*w - 3*i = -r. Is w prime?
True
Suppose v + 4*l - 155341 = 0, -5*v + 4*l + 39081 = -737648. Is v a composite number?
True
Let h(l) = -l**2 - 36*l - 220. Let y be h(-8). Suppose -k - 3*q - 23136 = -6*k, -k = 3*q - 4638. Suppose 7*w - k = y*w. Is w composite?
False
Suppose 4*r - 500273 = 3*y, r + 22271 - 147362 = 4*y. Is r composite?
False
Let w(v) = 2*v**2 - 6*v. Let o be w(6). Is -386*o/(-8) + 4/(-1) a composite number?
False
Suppose -26702 = -d + 11830. Let q = d - 25837. Is q composite?
True
Suppose 0 = -c + 5*f - 2*f + 36445, -4*f = 3*c - 109270. Is (5 - 9)*c/(-8) a prime number?
False
Let k(l) = -1010*l - 409. Is k(-7) a composite number?
False
Let m = -31 - -23. Suppose i + 5 = 0, 6*z = 7*z + 2*i - 24. Let y = z + m. Is y a composite number?
True
Let b be 21/9 + -2 - 36362/6. Let n = -2783 - b. Is n prime?
False
Let d = 86 + -78. Let w(n) = n**2 - 9*n + 5. Let a be w(d). Is 4 + a*3532/(-12) prime?
True
Suppose 0 = 122*w - 632342 - 705632. Is w composite?
True
Let d = -4218 + 6520. Let f = -125 + d. Is f prime?
False
Suppose -5*s = -5*b + 200, 4*b - 8*b = -3*s - 163. Let h = -39 + b. Suppose 6*l - 598 = h*l. Is l composite?
True
Suppose 48*x - 1563142 - 466346 = 0. Is x a prime number?
True
Suppose -670322 = 362*w - 417*w + 3481023. Is w prime?
True
Suppose 0 = m - 4*g - 25, -4*m - g + 31 + 52 = 0. Suppose 161 = -5*c + k, -m = c - 0*c - 3*k. Is (-10)/(-55) + (-39957)/c a prime number?
False
Let q(w) = -w**2 - 2*w + 1050. Let g be q(0). Suppose -g - 930 = 10*x. Let h = x - -669. Is h prime?
False
Let l(m) = 184*m**2 - 43*m - 2563. Is l(-30) composite?
True
Suppose 108*m - 3768491 = 1027897. Is m a composite number?
True
Suppose -4*b + 16 = 0, 15*p + 3*b = 11*p + 24. Suppose 0 = 4*j - p*w - 1628, -5*w = -8*w. Is j prime?
False
Is 720546026/2398 + (0 - (-3)/33) a prime number?
False
Let r = -121 + 116. Is (38/8)/(r/(-2540)) a prime number?
False
Let s(u) = u**3 + 10*u**2 + 9*u - 2. Let g be s(-9). Let f be g*(-1*1 - (-11)/22). Is (1/(0 - 3))/(f/(-2055)) composite?
True
Let u(r) = -37*r - 254. Let k be u(-7). Suppose 2*x - 3134 = -w + 9735, -4*w + 51488 = k*x. Is w a prime number?
False
Suppose 5*p + 2*m - 533 = 0, 2*m = -10*p + 9*p + 97. Is p a prime number?
True
Let v = -11 + 11. Let w(t) = -2*t + 1. Let b be w(v). Is 3 + (b - -234) - 3 a prime number?
False
Let x = -71920 - -105351. Is x a prime number?
False
Suppose -10*o + 14*o - 20 = 0. Suppose 0 = 3*r + o*x - 13666, -2*r + 5*x = x - 9074. Is r a prime number?
True
Let n(g) = -g**3 - 3*g**2 + 76*g + 41. Let l be (-3)/(-36)*4*-93. Is n(l) composite?
False
Let w be ((-7 - 0) + -664)*1. Let r = -258 - w. Is r a composite number?
True
Let h = -103 + 105. Suppose -h*l = 2*o - 422, l - 93 - 114 = -3*o. Is l a prime number?
False
Let a = 29652 + -15492. Let h be 1/(28/a) - (-4)/14. Suppose -4*b - 2*x + 184 = -320, 4*b + x - h = 0. Is b prime?
True
Let x = 190535 + -79812. Is x a prime number?
False
Let h(l) = l**3 + 4*l**2 - 3*l - 10. Let z be h(-4). Suppose -4*i = -z - 10, 3*i = b - 453. Suppose -5*y = -3*k + 2*k + 492, k - b = -y. Is k prime?
True
Suppose 4*l = 38*l - 423210 - 787768. Is l prime?
True
Let p(s) = 2*s + 90. Let g be p(-43). Suppose -3*h - 5*j + 30026 = 0, g*j - 7153 = -h + 2858. Is h composite?
False
Suppose 92 = -15*q + 122. Suppose -m - s + 14727 = 3*s, -q*m + s = -29454. Is m composite?
True
Let i = -346 - -347. Is i*(478 - (6 - -1)) a composite number?
True
Suppose -3*y + 21 = -5*a + 17, -5*a + 36 = 2*y. Is (12148/y)/((-1)/(-4)) prime?
False
Suppose -21*b + 22*b - 71401 = 0. Is b a prime number?
False
Suppose 18*y + 27609 = -21765. Is -3 - y - 1/(-1 - 0) a prime number?
True
Suppose 39*l - 2*l - 1044083 = -6*l. Is l prime?
True
Let h(y) = -y**2 + 24*y + 14. Let m be h(16). Suppose -m*p + 16 = -138*p. Suppose -745 = -d - 4*l + 600, -5*d = -p*l - 6677. Is d a composite number?
True
Let d = 29227 + -8940. Is d prime?
True
Let q(x) = -x**3 + 2*x**2 + 4*x - 2. Let v be q(3). Suppose 2*r = -4*p + 13 - v, 69 = 4*r - p. Suppose g - 50 + r = 0. Is g a composite number?
True
Let z(r) = -r**2 - 20*r - 4. Let u be z(-8). Suppose u*i - 94*i = -524. Is i a composite number?
True
Suppose -6*p + 45695 = -5*p - 4*o, o = 6*p - 274147. Is p a prime number?
True
Is ((-2)/2)/((-4 - (-12 - -9))/96583) composite?
True
Let r(t) = -t - 1 - 261*t**3 + t**2 - t**2 + t**2. Let s(d) = d**2 + d - 21. Let m be s(4). Is r(m) a prime number?
False
Let t(i) = 13*i**3 - 18*i**2 - 54*i + 39. Is t(22) composite?
False
Let j(d) = 2*d**2 - 47*d + 66. Let t be j(22). Suppose t = -g + 110 + 297. Is g prime?
False
Let f = 106 + -106. Suppose 3*x + 3*d - 22491 = -0*x, f = x + 3*d - 7501. Is x prime?
False
Is (-26670)/315*(-78)/4 composite?
True
Suppose -22*i + 492305 = -3831565